(base 8) to base 16
9c85
What is 12331 (base 5) in base 12?
686
What is -13221323 (base 4) in base 11?
-21615
Convert 976 (base 10) to base 16.
3d0
Convert 82 (base 12) to base 14.
70
Convert -865 (base 9) to base 7.
-2030
Convert -10001001101011 (base 2) to base 5.
-240221
Convert -1b6 (base 16) to base 2.
-110110110
Convert -2012 (base 4) to base 16.
-86
Convert -170 (base 12) to base 16.
-e4
What is -6d2 (base 15) in base 10?
-1547
What is -110642 (base 7) in base 13?
-8b76
-110200200 (base 3) to base 14
-352c
-21536 (base 7) to base 3
-21102122
Convert -22323 (base 4) to base 16.
-2bb
Convert 404 (base 16) to base 8.
2004
What is -3c86 (base 16) in base 7?
-63113
Convert -14 (base 10) to base 3.
-112
Convert 1544 (base 6) to base 10.
424
Convert 26a (base 11) to base 8.
476
Convert 1100001011101 (base 2) to base 9.
8500
What is 1440430 (base 6) in base 10?
83106
342 (base 6) to base 7
251
What is 1154 (base 8) in base 16?
26c
28531 (base 9) to base 2
100101110111011
-100101011101 (base 2) to base 9
-3253
What is -1959 (base 10) in base 8?
-3647
-fc (base 16) to base 9
-310
b6b3 (base 16) to base 10
46771
-2815 (base 10) to base 13
-1387
Convert -26112 (base 8) to base 2.
-10110001001010
-6217 (base 8) to base 6
-22515
Convert 2133 (base 7) to base 5.
11014
Convert 12110 (base 3) to base 5.
1042
Convert 245 (base 9) to base 3.
21112
Convert 145334 (base 6) to base 5.
423140
What is -2160 (base 10) in base 14?
-b04
11011001101 (base 2) to base 5
23431
What is 6600 (base 8) in base 6?
24000
What is 3827 (base 9) in base 15?
caa
Convert 573 (base 8) to base 12.
277
What is -3381 (base 15) in base 7?
-43561
-497 (base 12) to base 15
-311
Convert 826 (base 15) to base 8.
3454
What is -10000010011 (base 2) in base 7?
-3020
Convert -447 (base 12) to base 8.
-1167
Convert 8846 (base 9) to base 8.
14572
Convert 71065 (base 9) to base 15.
dc95
Convert 4237 (base 8) to base 12.
133b
What is -6985 (base 12) in base 3?
-121010202
7161 (base 8) to base 13
18b5
What is -37130 (base 9) in base 3?
-1021011000
What is 4c4d (base 14) in base 13?
6137
-124 (base 8) to base 9
-103
What is 33220 (base 5) in base 14?
bb0
-13133 (base 10) to base 11
-995a
What is -214112 (base 5) in base 2?
-1110011101111
27023 (base 10) to base 5
1331043
What is -356 (base 13) in base 15?
-288
What is 104862 (base 9) in base 13?
226a9
-1101001111001111 (base 2) to base 12
-27467
What is be (base 15) in base 3?
20122
What is -210 (base 9) in base 2?
-10101011
What is -4730 (base 9) in base 3?
-11211000
Convert 502 (base 6) to base 5.
1212
5036 (base 9) to base 8
7136
Convert -1a4c (base 13) to base 8.
-7557
Convert 5a (base 15) to base 12.
71
What is 588 (base 15) in base 7?
3440
What is -133266 (base 7) in base 16?
-6261
What is -10021202 (base 3) in base 4?
-211130
What is 43434 (base 6) in base 10?
5998
Convert -23a5 (base 16) to base 4.
-2032211
What is 2c7 (base 13) in base 8?
765
Convert -183 (base 15) to base 5.
-2343
What is -ca (base 14) in base 10?
-178
9803 (base 15) to base 12
16756
What is 14a13 (base 12) in base 14?
a86b
What is 35f (base 16) in base 9?
1158
Convert -10042 (base 6) to base 7.
-3566
-134 (base 13) to base 10
-212
What is -3023230 (base 4) in base 9?
-18784
Convert 115b (base 12) to base 9.
2588
What is -112422 (base 5) in base 13?
-1b44
What is 1101100011101 (base 2) in base 5?
210231
Convert -369 (base 13) to base 4.
-21102
Convert 121022211 (base 3) to base 5.
340102
What is -9c (base 16) in base 5?
-1111
What is 2455 (base 6) in base 5?
4421
11120102 (base 3) to base 8
6404
Convert 15411 (base 7) to base 12.
2600
-42c (base 13) to base 10
-714
Convert -4106 (base 12) to base 11.
-5340
What is -bb (base 13) in base 5?
-1104
What is 80 (base 9) in base 13?
57
1ab57 (base 14) to base 16
109f9
100 (base 4) to base 3
121
What is -3681 (base 15) in base 6?
-125404
31011 (base 5) to base 2
11111010110
Convert -2063 (base 16) to base 2.
-10000001100011
What is -e0e6 (base 16) in base 13?
-2028a
Convert 9c19 (base 14) to base 13.
c425
What is -249 (base 14) in base 16?
-1c9
What is -101000101101100 (base 2) in base 4?
-11011230
Convert -10202 (base 3) to base 15.
-6b
Convert 6dd (base 14) to base 5.
20441
Convert -10c7 (base 14) to base 11.
-2214
-1451 (base 6) to base 8
-607
Convert 1120 (base 7) to base 15.
1c1
What is -14543 (base 7) in base 3?
-12112222
What is 2220021121 (base 3) in base 15?
11d97
What is d2b7 (base 14) in base 7?
210420
What is -1022 (base 4) in base 6?
-202
3411 (base 5) to base 2
111100001
Convert 14412 (base 5) to base 9.
1618
Convert 1d3 (base 16) to base 5.
3332
What is -488 (base 12) in base 16?
-2a8
Convert 18a0 (base 11) to base 8.
4551
What is 120122 (base 4) in base 8?
3032
-b2e (base 15) to base 8
-4727
Convert 3305 (base 7) to base 12.
825
1130230 (base 4) to base 15
1b57
What is 1001010121 (base 3) in base 13?
9448
Convert 885 (base 13) to base 2.
10110110101
Convert 133b0 (base 12) to base 11.
18997
What is -32044 (base 5) in base 6?
-13541
What is -105335 (base 7) in base 14?
-6b55
12021121 (base 3) to base 6
25454
-2404 (base 8) to base 2
-10100000100
Convert 201111 (base 3) to base 8.
1016
What is 11474 (base 9) in base 10?
7681
Convert -446 (base 15) to base 12.
-686
Convert -82762 (base 9) to base 13.
-1bab8
21620 (base 9) to base 6
150243
2342 (base 7) to base 2
1101011111
3249 (base 14) to base 9
12824
Convert 41134 (base 6) to base 13.
263b
-20d2 (base 16) to base 4
-2003102
Convert -532 (base 6) to base 8.
-310
-1089 (base 13) to base 2
-100100000110
What is -5623 (base 11) in base 15?
-22db
-2a2 (base 12) to base 15
-1c5
What is -366 (base 10) in base 5?
-2431
Convert -10000111100 (base 2) to base 16.
-43c
What is -b2 (base 15) in base 6?
-435
Convert 635 (base 14) to base 8.
2307
-101111000 (base 2) to base 16
-178
22773 (base 8) to base 10
9723
Convert -23369 (base 12) to base 7.
-254343
1120231 (base 4) to base 13
2779
412120 (base 6) to base 4
20001300
Convert 1a8 (base 16) to base 8.
650
What is -1a23 (base 14) in base 9?
-6441
17de (base 16) to base 10
6110
What is -378 (base 14) in base 3?
-221201
-4753 (base 10) to base 13
-2218
What is -20111202 (base 3) in base 11?
-3624
Convert -2a6 (base 14) to base 6.
-2254
What is 10120 (base 3) in base 7?
165
-317 (base 9) to base 15
-124
What is 274 (base 12) in base 8?
570
Convert -58 (base 16) to base 2.
-1011000
Convert -11566 (base 14) to base 11.
-29801
Convert -343 (base 5) to base 3.
-10122
d4ba (base 14) to base 12
19238
-7557 (base 8) to base 14
-1623
What is -7036 (base 8) in base 16?
-e1e
Convert 54664 (base 7) to base 2.
11010110010101
-191 (base 10) to base 7
-362
471 (base 10) to base 7
1242
4633 (base 12) to base 5
222230
3114 (base 5) to base 8
631
Convert 5220 (base 6) to base 12.
810
2201002 (base 3) to base 6
13045
What is -34042 (base 7) in base 4?
-2012131
-311302 (base 4) to base 14
-137c
What is -1823 (base 11) in base 5?
-33244
11324 (base 6) to base 5
23021
Convert 329 (base 16) to base 6.
3425
71f (base 16) to base 5
24243
What is -132 (base 6) in base 14?
-40
Convert -121011 (base 4) to base 8.
-3105
-10241 (base 7) to base 10
-2528
44dc (base 16) to base 2
100010011011100
What is -12013 (base 4) in base 7?
-1066
Convert 2686 (base 15) to base 3.
102021200
What is 1c16 (base 15) in base 3?
22100210
Convert 1442043 (base 5) to base 8.
74262
Convert -706 (base 11) to base 16.
-355
-1112001202 (base 3) to base 7
-153164
a167 (base 11) to base 6
142304
-10243 (base 11) to base 9
-22428
Convert 5531 (base 9) to base 2.
111111101110
What is 3135 (base 8) in base 10?
1629
What is 8a6 (base 13) in base 10?
1488
What is 101001001 (base 2) in base 12?
235
What is 20200 (base 4) in base 8?
1040
Convert 212 (base 11) to base 13.
168
Convert -23 (base 4) to base 11.
-10
What is 944 (base 11) in base 15?
50c
Convert -905 (base 11) to base 4.
-101012
Convert -12110 (base 5) to base 8.
-1611
Convert 35b (base 15) to base 11.
632
Convert -4781 (base 14) to base 4.
-3002231
12000 (base 3) to base 10
135
What is 4a70 (base 11) in base 6?
50335
-1100001 (base 4) to base 11
-3936
-6321 (base 8) to base 6
-23105
51c (base 15) to base 9
1520
What is 20112100 (base 3) in base 15?
1626
-f2 (base 16) to base 11
-200
Convert -17111 (base 8) to base 10.
-775